et z = 571 - t. What are the prime factors of z?
2, 3, 43
Let m be (332 + 1)/(210/980). Let i = -987 + m. What are the prime factors of i?
3, 7
Let t(o) = -2*o**3 + o**2 - 35*o - 179. List the prime factors of t(-6).
499
Suppose 2*a + 2*a = -12, -3*a = 3*q. Suppose -2*t + 333 = q*c - 393, -3*t = -5*c - 1070. What are the prime factors of t?
2, 3, 5
Suppose 10*c - 388128 = -c - 41*c. List the prime factors of c.
2, 3, 311
Let x = 17 - -18. Suppose -2*b + 32 = -h, 2*b - 5*b - 5*h = -x. What are the prime factors of ((40/b)/4)/((-4)/(-618))?
103
What are the prime factors of (-154902)/(-25) + 3 + (-770)/250?
2, 1549
Let m(u) = 7*u - 2. Suppose -3*h + 17 = -5*f, 3*h - f + 0 = 13. Let v be m(h). What are the prime factors of 4/v - (-583)/13?
3, 5
Suppose 3*l + 746 + 520 = -3*a, 4*l = -2*a - 1688. Let m = l - -746. Suppose m = 28*u - 25*u. What are the prime factors of u?
2, 3
Suppose 3*h = 5*g + 74 - 564, -g + 98 = -2*h. Let c = 110 - g. Suppose -16*u + 744 = -c*u. What are the prime factors of u?
2, 3, 31
Let q(r) be the third derivative of 3*r**6/40 - r**5/10 + 11*r**4/24 - 25*r**3/6 + 71*r**2. What are the prime factors of q(5)?
3, 5, 67
Suppose 42693 = 5*w + d + 1223, 2*d - 33170 = -4*w. List the prime factors of w.
3, 5, 7, 79
Let r(v) = 12201*v + 6014. List the prime factors of r(4).
2, 27409
Let u(l) be the first derivative of -23/2*l**2 - 23/3*l**3 - 1/4*l**4 - 27 - 5*l. What are the prime factors of u(-22)?
17
Let n = -850 - -855. Suppose n*p = -262 + 7992. List the prime factors of p.
2, 773
What are the prime factors of 45/(-35)*-14 + 14041?
17, 827
Suppose 30*o = 25*o - 4*g + 198388, 2*g - 79354 = -2*o. List the prime factors of o.
2, 5, 31
Suppose -8 = -5*t - 33. Let h(w) = -3*w**2. Let i be h(t). List the prime factors of (3 - (-4 + 6))/((-1)/i).
3, 5
Suppose j - 3989 - 4000 = -2*l, l + 7986 = j. List the prime factors of j.
7, 163
Let z be (-75)/(-20)*16/12. Let m(d) = 32*d - 8. Let y be m(5). Let f = y - z. List the prime factors of f.
3, 7
What are the prime factors of 8*1 - ((-323)/19 + -5027)?
2, 3, 421
Let o be 3 - (-3 - 106/(-2)). Let c = o - -165. What are the prime factors of c?
2, 59
Let l(g) = g**2 + 16*g + 17. Let r be l(-15). Suppose 3*m = r*m - 4*m. List the prime factors of -1 - m - -14*(-1 + 11).
139
Suppose 15*a + 6083 = 16*a + 4*p, 5*p = a - 6083. Suppose 5*x = 3*n + a, -2280 = -5*x + 2*n + 3802. List the prime factors of x.
2, 19
Let y(u) = -u**2 + 2*u + 3. Suppose -f = -11 + 9. Let p be y(f). Suppose 3*n = 2*c - 10 - 24, -94 = -5*c + p*n. What are the prime factors of c?
2, 5
Suppose -405 = -4*j + 4*k - 7*k, -j + 100 = 2*k. Let x = 16 + j. What are the prime factors of x?
2, 59
Let v be 2 + -2 + 360/1. Let l = v - 220. What are the prime factors of l?
2, 5, 7
Suppose -2*t + 7*t + 3*n = 10, 4*t + 3*n = 11. Let h(z) = 418*z**2 + 4*z + 1. List the prime factors of h(t).
5, 83
Let r(z) = 3*z**3 - 2*z**2 - z + 20. Let c be r(4). Suppose -19*m + 17*m + c = 0. Let o = m + 46. What are the prime factors of o?
2, 67
Let p(o) = -87*o + 2677. List the prime factors of p(-80).
23, 419
Let q = -289 - -291. Suppose 0 = -a - g + 1530, -32*g + 3084 = q*a - 36*g. List the prime factors of a.
2, 13, 59
Suppose 5*m + 5*s = 3820, -5*m + 3808 = -30*s + 29*s. Let y = m - 109. What are the prime factors of y?
653
Let z(m) = 17*m - 112. Let y be z(7). List the prime factors of (-4)/(-28)*y + (3 - -170).
2, 3, 29
Let d be (0 + (-92 - 1))/(84/(-2772)). Suppose -8*f + 1875 = -d. List the prime factors of f.
2, 3, 103
Let q(i) = -i**2 - 6*i - 6. Let v be q(-3). Suppose -3*z + 1154 = 3*f + 77, 2*f - v*z = 718. Suppose 6*a = 37 + f. List the prime factors of a.
2, 3, 11
Let a be ((-12)/(-7))/(18/(-63)) + 17. Let o(b) = -b**2 - 12*b - 12. Let t(k) = -k**2 - 1. Let m(w) = -o(w) + 2*t(w). List the prime factors of m(a).
3, 7
Suppose 6661*v - 36531 = 6650*v. What are the prime factors of v?
3, 41
Let p(o) = -o**2. Let n(i) be the third derivative of -i**5/15 - 13*i**4/24 + 3*i**3 - 21*i**2. Let c(a) = n(a) - 5*p(a). List the prime factors of c(13).
2, 3
Let h = 3899 - 2067. Suppose 2*m - 4*v = -2*m + h, -3*m + 1392 = 3*v. Suppose -3*z - z = -3*r + m, -r + z = -154. List the prime factors of r.
5, 31
Suppose 0 = -3*i + 2*m - 26, -2*i - 4*m + 0*m + 4 = 0. Let w be (i/(-9))/(1/57). Let z = 89 - w. What are the prime factors of z?
3, 17
Let x = 42 - 38. Let w be 22/x + (-1)/(-2). Suppose 2*n = -5*o + 109, 2*n + 163 = w*n - o. What are the prime factors of n?
2, 3, 7
Suppose -3 = f, -6*f = v - 3*f + 33. Let p be ((-90)/v)/(1/68). Suppose 2*z - 88 = 5*a, 3*a - p = -5*z - 2*a. List the prime factors of z.
7
Let q(s) = 1899*s**3 + s - 12. What are the prime factors of q(2)?
2, 7591
Suppose -2*n = -3*s - 39043, 5*n = -1571*s + 1568*s + 97660. List the prime factors of n.
59, 331
Let m be -2 - -5 - (1 - -15). Let b be (-2 - -1) + m - 0. What are the prime factors of (-6)/b + 1797/21?
2, 43
What are the prime factors of (-1082)/20017 + 423171/37?
11437
Let x(n) = 4 - 34 - 9*n**2 + 142*n - 2*n**3 - 146*n. What are the prime factors of x(-9)?
3, 5, 7
Let q = -1 + 1. Let m = -2120 + 2125. Suppose 4*n - 485 = f, m*n + q*f - 3*f = 608. What are the prime factors of n?
11
Let t(h) = 32*h - 4. Suppose 0*n - 12 = 4*n, 0 = 5*a - 5*n - 5. Let w be t(a). Let b = 11 - w. What are the prime factors of b?
79
Let o(v) = v**2 + 25*v + 39. Let h(x) = 12*x + 19. Let g(p) = -13*h(p) + 6*o(p). Let r be g(-4). Suppose 128 = a - r. List the prime factors of a.
5, 47
Let p = 1070 - 439. Let m = p - 96. What are the prime factors of m?
5, 107
Let u = 27928 + -19605. List the prime factors of u.
7, 29, 41
Let j(t) = -24*t**3 - 4*t**2 + 82*t + 375. List the prime factors of j(-5).
3, 5, 191
Let i(c) = -20*c + 6. Let r be (4 - -6)/((-1)/((-1)/2)). Suppose -r*o = -10*o - 5. What are the prime factors of i(o)?
2, 13
Let r(x) be the third derivative of 0*x + 1/30*x**5 + 23/24*x**4 + 0 - 11/6*x**3 - 15*x**2. What are the prime factors of r(-14)?
59
Let s = -876 + 870. List the prime factors of -11 + 702 + -6*(-3)/s.
2, 43
Suppose 0 = -3*y + 3*f + 6975, -y = -f - 4*f - 2329. What are the prime factors of y?
2, 7, 83
Let f(v) = -2*v**3 - 132*v**2 + 291*v + 169. List the prime factors of f(-69).
2, 541
Let v(f) = -f**2 + 26*f - 20. Let p be v(24). Suppose 2*d + p = g - 2*d, 25 = 5*g + 3*d. List the prime factors of g.
2
Let g = 14136 - 2206. What are the prime factors of g?
2, 5, 1193
Let r(y) = 5*y**2 - 14*y + 91. List the prime factors of r(9).
2, 5, 37
Let z(k) = -144*k + 694. List the prime factors of z(-46).
2, 3659
Let a(l) be the second derivative of l**4/6 - 5*l**3/3 - 8*l**2 - 46*l - 2. Suppose 0 = p + p + k - 21, -3*p + 49 = -2*k. What are the prime factors of a(p)?
2, 3
Suppose -26*y + 0*y = -34138. Suppose 0 = 6*a + 7*a - y. List the prime factors of a.
101
Let a(c) = 369*c**2 - 4*c - 2. Let x(w) = 368*w**2 - 5*w - 3. Let f(y) = 4*a(y) - 3*x(y). List the prime factors of f(-1).
2, 11, 17
Let a(i) = -i**2 - 10*i - 9. Let q be a(-8). Suppose 4*l = q*l - 12. Suppose -5*k = -l*k - 4*v - 159, -837 = -5*k - v. What are the prime factors of k?
167
Suppose -u + 26125 = p, -4322 = -3*p + u + 74025. List the prime factors of p.
2, 3, 1451
Let s(o) = -2*o**2 + 5*o + 6. Let k be s(3). List the prime factors of (k/(18/123))/(22/484).
11, 41
Suppose 14*z + 89 = -79. Let d(s) = s**2 + 4*s + 38. List the prime factors of d(z).
2, 67
Let s be -1 + 85 + (-856)/(-107). Suppose -99*o = -s*o - 7378. List the prime factors of o.
2, 17, 31
List the prime factors of 47462/(-15)*320/(-32) - 1/3.
3, 53, 199
Suppose -h + 0 = -11. Let r(g) = 3*g**2 + 25*g + 14. Let i be r(-9). Suppose 3*c = h*c - i. List the prime factors of c.
2
Let n(b) = b**2 - 9*b + 16. Suppose -6*t + 28 = -2*t. Let d be n(t). Suppose 989 = 5*q - d*r - 33, 0 = 2*q - 3*r - 400. List the prime factors of q.
2, 103
Let j(t) = 57*t**2 + 5*t - 126*t**2 + 8 + 3*t**3 + 64*t**2. What are the prime factors of j(4)?
2, 5, 7
Suppose -16358 + 6384 = -14*g + 28162. List the prime factors of g.
2, 3, 227
Let j(a) = 822*a**2 + 39*a - 80. What are the prime factors of j(2)?
2, 31, 53
Suppose -z = 134*s - 139*s + 67351, 13475 = s - z. What are the prime factors of s?
13469
Suppose 37*h - 341286 = 287048. What are the prime factors of h?
2, 7, 1213
L